+ 3*y = 195, 3*m + 2*m - 5*y - 325 = 0. What are the prime factors of m?
5, 13
Suppose -25 + 4 = 3*c. Let v = 21 + c. What are the prime factors of v?
2, 7
Let d = 21 + -21. Suppose d*g + 6 = 3*g. What are the prime factors of g?
2
Let f = -9 - -15. What are the prime factors of (0 + (-3)/(-2))*f?
3
Let q(j) = -2*j**3 - j - 2. What are the prime factors of q(-2)?
2
Let r(u) = u. Let h be r(6). Suppose 0*t + 24 = 4*t. List the prime factors of 70/h + t/(-9).
11
Let c(a) = -a**3 + 9*a**2 - 9*a + 11. Let s be c(8). Suppose s*q - 56 - 40 = 0. What are the prime factors of q?
2
Suppose 3*n + 21 = -33. What are the prime factors of ((-9)/n)/(2/24)?
2, 3
Suppose 0 = 3*t - 3, -t - 49 = -3*j + 199. List the prime factors of j.
83
Let b(u) = -u**3 - u**2 + u + 3. Let p be b(-3). Suppose 2*j = p + 22. Let k = j + -10. List the prime factors of k.
2, 5
Suppose -23 = -t + 76. List the prime factors of t.
3, 11
Suppose 2*q + 3*y - 5 - 4 = 0, 0 = -3*q + y + 19. Let t = 1 + q. Let c = -2 + t. What are the prime factors of c?
5
Suppose 1151 = 5*j + 1. Suppose -5*w - 70 + j = 0. What are the prime factors of w?
2
Let n be 6/(-24) - (-546)/8. Suppose n = 4*k - 136. What are the prime factors of k?
3, 17
What are the prime factors of (0 + -1)*(9 + -86)?
7, 11
Let r be 0 - (-2 + 2) - -5. Suppose -5*b = r, 4*z + 3*b = -2*b + 95. List the prime factors of z.
5
Let x = 72 - -46. What are the prime factors of x?
2, 59
Suppose 4 + 32 = 2*h. Suppose -5*i + o = -32, h = 2*i + 2*i + 3*o. List the prime factors of i.
2, 3
Let y be 128/(-6)*(-6)/4. Suppose u = -0*u + y. Let t = u + -23. List the prime factors of t.
3
Let f = -347 + 507. What are the prime factors of f?
2, 5
Let g(x) = x**3 + 11*x**2 - 27*x - 1. List the prime factors of g(-13).
2, 3
Suppose -3*r = -4 - 2. Suppose -2*k = -k - 6. Suppose -5*p - r = -k*p. List the prime factors of p.
2
Suppose 0 = -4*q - 3 + 19. Suppose 2*v - 180 = -q*v. List the prime factors of v.
2, 3, 5
Let j = 2 + 1. Let z = -2 + j. Let i = z - -11. List the prime factors of i.
2, 3
Let y = -2 + 0. List the prime factors of y*((-7)/2 + -3).
13
Suppose -2*w - 3*w = -4*c - 235, -4*c + 122 = 2*w. List the prime factors of w.
3, 17
Let n = 101 - 55. List the prime factors of n.
2, 23
Let a be (-6)/(-2) + -3 + -3. Let y(t) = t**2 + 4*t + 3. Let g be y(a). Suppose g = -0*v + 5*v - 25. List the prime factors of v.
5
Suppose 3*p + 12 = -18. Let x(o) = -o - 12. Let m be x(p). List the prime factors of (m/6)/(1/(-21)).
7
What are the prime factors of 6*2/4 - -139?
2, 71
Let r(f) = 10*f + 4. Let n be 58/18 + (-2)/9. List the prime factors of r(n).
2, 17
Suppose 23 = 4*s - n + 2, 2*s = 3*n + 13. Suppose 4*f - s*o - 107 = 0, 4*o = f + 2*o - 23. List the prime factors of f.
3, 11
What are the prime factors of 0 + 0 + 3 - -31?
2, 17
What are the prime factors of (-920)/(-35) + 4/(-14)?
2, 13
Let v be (-26)/(-8) - 1/4. Let x(j) = -j. Let n be x(v). Let u = n + 10. What are the prime factors of u?
7
Suppose -4*y + 6 = -10. Suppose -5*t - 50 = -5*n, -y*t + 32 = n + 7. List the prime factors of n.
13
Let r(t) = 13*t**2 - 1. Let w be r(1). Suppose -w = -y - y. What are the prime factors of y?
2, 3
Suppose 2*r + 36 = 5*r. Suppose o = h + r, -2 = h - 4. List the prime factors of o.
2, 7
Suppose 3*y + n - 137 = 0, 5*y = 2*n + 239 - 7. What are the prime factors of y?
2, 23
Suppose 2*r = 3*w + 6, -12 = -3*r - r + 5*w. List the prime factors of r.
3
Let o(g) = g**3 + 4*g**2 + 2*g - 1. Suppose t - 3*z = -7, 0*t - t + 2*z = 6. Let i be o(t). What are the prime factors of (2/3)/((-2)/i)?
3
Let k = 94 + -66. List the prime factors of k.
2, 7
What are the prime factors of (-1)/5*-272*(-5)/(-1)?
2, 17
Let k(s) = s**3 - 4*s**2 - 8*s + 3. Let v be k(6). List the prime factors of 1*(-2)/((-6)/v).
3
Let w = -21 - -38. What are the prime factors of w?
17
Let n(z) = 7 + z - 3 + 4. Suppose -2 = f, 5*s + f + 40 = -4*f. What are the prime factors of n(s)?
2
List the prime factors of 3 + 0 + 6 + 3.
2, 3
Let n = 0 - 2. Suppose a - 4 = 8. Let v = a + n. What are the prime factors of v?
2, 5
Let b be 0/(-4) + (-6)/(-2). What are the prime factors of -18*(2/b - 2)?
2, 3
Suppose -k = -3*p + 4*k + 189, 3*p = 3*k + 195. What are the prime factors of p?
2, 17
Let h(o) = o**2 - 2*o - 2. Suppose -d - 3*d + 2 = 2*r, d + 4*r - 4 = 0. Suppose 2*n - 8 = -d. List the prime factors of h(n).
2, 3
Let i(r) = r**3 - 5*r**2 - 2*r + 3. Suppose -5*s = 15, -d + 4*s = 3*s - 6. Let l be i(d). List the prime factors of ((-1 + l)/1)/(-2).
11
Suppose -10 = -3*o - 1. Suppose -4*r + r = -3*c + 9, 0 = o*c - 15. Suppose 5*q = 2*u + r*u - 29, 2*u - 25 = -q. What are the prime factors of u?
11
Suppose -4*f + 8 = q + q, 5*q - f = 75. Let a(m) = -m + q - 4 + 1. What are the prime factors of a(9)?
2
Let g(a) = -a + 11. Let s be g(6). Let y = -2 + s. Suppose 4 = -y*w + 40. List the prime factors of w.
2, 3
Let b(u) = 17*u - 3. Let w(d) = d + 9. Let h be w(-7). List the prime factors of b(h).
31
Let v be 2/9 - 800/(-45). Let n = v + -11. List the prime factors of (-32)/(-6) + n/(-21).
5
Suppose 0 = 4*g - 204 + 44. List the prime factors of g.
2, 5
Let i(l) be the third derivative of l**4/24 - 4*l**2. Let t be i(-4). List the prime factors of 9/t*(-7 + 3).
3
Let q = 4 - 9. Let h(y) = -y**2 - 1. Let o(s) = -3*s**2 - 3*s + 2. Let m(d) = 2*h(d) - o(d). List the prime factors of m(q).
2, 3
Let i = -7 - -11. Suppose 2*j - 4*d + 20 = 0, -40 = i*j + 3*d - 6*d. Let u = j + 18. List the prime factors of u.
2
List the prime factors of 104/20*(2 - -28) - 3.
3, 17
Let k be 12*(3/(-2))/(-3). Let c(q) = -q**3 + 7*q**2 - 3*q - 7. List the prime factors of c(k).
11
Let q(w) = w**3 + 4*w**2 - w - 3. Let b be q(-4). List the prime factors of 15 - (4/b - 2).
13
Let f(a) = a**2 - 4*a - 2. Suppose j - 6*k + 10 = -3*k, 2*k = 3*j - 5. List the prime factors of f(j).
3
Let z(a) = -4*a**2 + 2*a + 1. Let j be z(2). Let q = -5 - j. Suppose -6 = 4*x - q*x. What are the prime factors of x?
3
Suppose -5*i + 5 + 0 = 0. Let s = 2 + i. What are the prime factors of 13/s - (-2)/3?
5
Let q be (-6)/(-9) - (-8)/(-12). Suppose -a - 3 = -p + 2*a, -4*a = q. Suppose -2*n - r + 1 = 2, -2*n + 19 = -p*r. What are the prime factors of n?
2
Let n(m) = -m + 6. Let w be n(4). Suppose -2*z = -7*z + 3*a + 119, z = -w*a + 16. What are the prime factors of z?
2, 11
Let f be 5 + ((-1)/(-1) - 1). Suppose -4*h - h + 5 = -f*l, 4*h = 12. Suppose 4 = -2*q, l*x - x - 4*q - 11 = 0. List the prime factors of x.
3
Let k(d) = 4*d**2 - 9*d + 4. What are the prime factors of k(8)?
2, 47
Let b be (8 + -2)/(2/7). Let g = -6 + 11. Suppose g*j = 2*d + b, -d - 3*j + 14 = -3. List the prime factors of d.
2
Let j = 237 - 127. List the prime factors of j.
2, 5, 11
Let q be (-15)/(-2)*4/6. Let n(p) = -p - 7. Let x be n(-6). What are the prime factors of (3/(-5))/(x/q)?
3
Let j be 7 + 0 - (-1 - -3). Suppose 3*o - 129 = -j*y, -3*o = -2*y - y - 153. List the prime factors of (1/2)/(2/o).
2, 3
Let p(t) = -t**3 - 11*t**2 - 12*t - 13. Let r be p(-10). Suppose z - r = 8. What are the prime factors of z?
3, 5
Suppose -q - 4 = -0. Let o(x) = -14*x - 6. Let y be o(q). Suppose -4*l = -y + 6. List the prime factors of l.
11
Let z be 2/(-6) + (-22)/(-3). Let n be -5 + z + 0 + -2. Suppose 2*i - 16 = -n*i. List the prime factors of i.
2
Let k = 175 + -37. List the prime factors of k.
2, 3, 23
Let v = -6 + 12. List the prime factors of v.
2, 3
Let s(c) be the first derivative of -c**4/4 + 7*c**3/3 - 2*c**2 - 2*c - 1. List the prime factors of s(6).
2, 5
Suppose -108 = 3*d - 318. List the prime factors of d.
2, 5, 7
Let r(p) = -p**3 + 7*p**2 + p - 9. List the prime factors of r(6).
3, 11
What are the prime factors of ((-3)/(-5))/((-7)/(-35))?
3
Suppose -4*s + 75 + 251 = 2*l, 0 = 2*l - 2*s - 326. Suppose -4*t + l = -45. What are the prime factors of t?
2, 13
Let s = 13 + -1. Suppose -4*w = -2*w - 4. Suppose 5*l - 10 = -u, -3*l + s + w = -u. What are the prime factors of l?
3
Let c = -3 - 13. List the prime factors of c + 15 + 15 + -1.
13
Let i(u) = u**2. Let w(k) = 8*k**3 + 3*k**2 + k. Let y(d) = i(d) - w(d). Let p be y(-1). Let h = p + 3. What are the prime factors of h?
2, 5
Suppose -u - 13 = -6*u + 4*r, -10 = 5*r. Let y(q) = 3*q**2 - 2*q + 11. Let z(g) = g**2 - g + 5. Let s(w) = 4*y(w) - 9*z(w). List